the prime factors of a.
2
Let k(f) = f**3 + 14*f**2 + 14*f + 9. Let r be k(-13). Let m = r - -8. Suppose h = m*h - 30. List the prime factors of h.
2, 5
Let x(b) = -3*b + 5. What are the prime factors of x(-12)?
41
Let y be ((-4)/6)/((-2)/3). Let j = -7 + y. Let p(r) = r**3 + 5*r**2 - 8*r - 6. List the prime factors of p(j).
2, 3
List the prime factors of 94/2*4 + 3.
191
Let z be 8 + 8/2 + -7. Let d(v) = 2*v**2 - v + 11. What are the prime factors of d(z)?
2, 7
Let x(n) = -2*n + 17. What are the prime factors of x(-8)?
3, 11
Let v(p) = 3*p**2 - 5*p + 1. What are the prime factors of v(2)?
3
Let x = 34 - -45. List the prime factors of x.
79
What are the prime factors of 4807/76 - (-1)/(-4)?
3, 7
Suppose -3*t = -31 - 122. List the prime factors of t.
3, 17
Suppose 0 = v - 1 + 30. Let j = -16 - v. What are the prime factors of j?
13
Suppose -2*v = 3*t - v - 34, 2*t + 3*v = 18. List the prime factors of t.
2, 3
Let x(n) = -4*n**2 + 2*n - 1. Let y be x(1). List the prime factors of (54/15)/(y/(-10)).
2, 3
What are the prime factors of (18/(-2))/(6/(-72))?
2, 3
Suppose 235 = 4*m - 521. What are the prime factors of m?
3, 7
Let f(m) = 3*m**2 - 7*m + 24. What are the prime factors of f(6)?
2, 3, 5
Suppose 2*f + 6 = -4. Let h(y) = y**3 + 4*y**2 - 6*y - 1. Let v be h(f). List the prime factors of 3/(1 - (-2)/v).
2
Suppose -172 = i - 5*i - x, 0 = 5*i - x - 206. Let g = -20 + i. Suppose 10 + g = 4*t. List the prime factors of t.
2
Let a(u) = 5*u**2 - 8*u + 10. Let f be 45/(-75) - (-23)/5. List the prime factors of a(f).
2, 29
Let y = 56 + 75. List the prime factors of y.
131
What are the prime factors of 30/4*(-80)/(-12)?
2, 5
Let s(p) be the first derivative of -p**3/3 - 5*p**2 + 6*p + 4. What are the prime factors of s(-8)?
2, 11
Let c = 190 + -61. What are the prime factors of c?
3, 43
What are the prime factors of (16/10)/(4/30)?
2, 3
Let d be (-1 - (1 + -1))*-1. Let z(k) = -k**2 - 7*k - 7. Let b be z(-5). List the prime factors of d - 9*(-3)/b.
2, 5
Let n = 97 + -56. List the prime factors of n.
41
Let n = -70 + 103. Suppose -3*w - 10 = -0*p - p, 2*p - 3*w = 23. Let m = n - p. List the prime factors of m.
2, 5
Let a = -27 + 16. Let r = a - -41. Suppose -4*s + r = -2. What are the prime factors of s?
2
List the prime factors of (7/2 + -4)*(2 + -38).
2, 3
Let y = 126 + -87. What are the prime factors of y?
3, 13
Let s(q) = q - 10. Let o be s(9). Let y = 12 - o. What are the prime factors of y?
13
Let z(i) = 18*i + 40. List the prime factors of z(7).
2, 83
Suppose 4*f - 2*q - q + 45 = 0, 5*f - 5*q + 60 = 0. Let c be (f + -2)/((-3)/6). Suppose 4*u - 2*y = y - 1, 5*u - c = -4*y. List the prime factors of u.
2
Let g = -93 + 206. List the prime factors of g.
113
Suppose -2*j + 98 = 3*f, 36 = -5*j + f + 247. Let h = j + -25. List the prime factors of h.
2, 3
Suppose 0 = 3*v - 13 - 89. List the prime factors of v.
2, 17
Let n(m) = -m**3 - 2*m**2 + 4*m - 5. Let s = -3 + -1. What are the prime factors of n(s)?
11
Suppose -3*z + 0*z + x = -25, 0 = 2*z + 4*x - 12. Suppose 3*m + 3 = -n, -z = -4*n - 4*m + 2*m. Suppose n*i - 15 = 2*i. What are the prime factors of i?
3, 5
Let t(n) = n**3 - 2*n**2 + 3*n - 1. Let q be t(2). List the prime factors of q*15/12*4.
5
Suppose -2*v = 15 - 231. List the prime factors of v.
2, 3
Let y be (-5 + 5)*(-1)/2. Suppose y = 3*z - 2*z - 2. Suppose -5*i = -z*i - 15. What are the prime factors of i?
5
Let a = 128 + -8. List the prime factors of a.
2, 3, 5
Let t = -10 - -279. What are the prime factors of t?
269
Suppose -2*l + 6*l - 2 = 2*u, 19 = 3*l - 5*u. Let n = l - -5. Suppose -n = 4*i - 43. List the prime factors of i.
2, 5
Let q(l) = l + 1. Let b be q(7). Let v = -2 + b. List the prime factors of v.
2, 3
Suppose a + a = 28. Suppose -a + 0 = -y. What are the prime factors of y?
2, 7
What are the prime factors of (-102)/4*(-64)/12?
2, 17
Let w(l) = -3*l + 5. Let j(a) = 5*a - 8. Let g(i) = -5*j(i) - 8*w(i). Let v be g(-6). Suppose -s - 30 = -v*s. List the prime factors of s.
2, 3
Let h(n) = 8*n - 4. Let z be h(3). Suppose 0*q = -5*g + 3*q - 12, -3*g = -5*q + z. Suppose g = 5*y - y - 72. What are the prime factors of y?
2, 3
Let y(x) = -x**2. Let m(j) = 15*j**2 - 1. Let k(w) = m(w) + 6*y(w). Let s be k(1). Suppose -f + 5*f = s. List the prime factors of f.
2
Let p(v) = -v - 1. Let w be p(-6). Suppose 4*x - r = w*x + 62, 0 = -4*x - 3*r - 246. List the prime factors of x/8*(-8)/10.
2, 3
Suppose 0 = 4*d - 9*d + 15. Suppose 0 = 5*v + d*l - 78, 4*v + 3*l = 2*l + 61. What are the prime factors of v?
3, 5
What are the prime factors of ((-26)/(-39))/((-2)/(-138))?
2, 23
Let w(a) = -a**2 - 6*a - 3. Let q be w(-4). Suppose 78 = 2*s - 0*x - 2*x, 5*s - 155 = -q*x. List the prime factors of s.
5, 7
Suppose j - 5 = -4*k - 0*j, k - 5 = j. Suppose 0 = -3*x + 2*i + 8, 4*i - 3 = -k*x + 3*i. What are the prime factors of (-1)/x*(-2 + -14)?
2
Let x(k) = -k**3 + 2*k**2 + 2*k + 106. What are the prime factors of x(0)?
2, 53
What are the prime factors of (-2 - -3)/((-654)/131 + 5)?
131
Suppose 6 = -4*h + 26. Let t = -6 + h. List the prime factors of 0 - (1 + (t - 2)).
2
Let y = 112 - -114. List the prime factors of y.
2, 113
Let b(c) = 12*c - 2. What are the prime factors of b(6)?
2, 5, 7
Let s(o) = o**2 + 6*o + 2. Let b be s(-6). Let y = -26 + 39. Suppose y - b = x. List the prime factors of x.
11
Suppose 6 = 3*x - 5*v + 22, 5*x - 5*v + 10 = 0. Suppose -36 = -x*d + 21. List the prime factors of d.
19
Let b(u) = 8 - 2*u + 6 + 3*u. What are the prime factors of b(-6)?
2
Let y be 1/2 + (-70)/(-4). Let p = y + -5. Suppose -3*b = 3*l + 9, -6*l + 2*l + p = -b. What are the prime factors of l?
2
Suppose 0 = -4*j - 0*j, 4*g + 2*j - 20 = 0. Suppose -8*l + 87 = -g*l. List the prime factors of l.
29
What are the prime factors of 1145/10 + 2/4?
5, 23
Suppose -2*v + 269 = 3*c + 91, 5*c = -5*v + 440. What are the prime factors of v?
2, 43
Suppose -8*x = x - 2664. What are the prime factors of x?
2, 37
Suppose -2 = 2*h, -4*z + 9*z + 5*h = -35. Let n be (z/15 + 2)*-5. Let d = n - -14. What are the prime factors of d?
2, 3
Let g = 9 + 0. Let u(p) = g - p - p + p. List the prime factors of u(7).
2
Suppose 0 = -5*i, 0 = -5*r + 3*i - i - 400. List the prime factors of 2 + r/(-1 - 3).
2, 11
Let p be ((88*1)/(-2))/(-1). Let f = 62 - p. List the prime factors of f.
2, 3
Let l(p) = -p + 1. Let r(n) = -n**2 + 12*n - 2. Let y(k) = 2*l(k) + r(k). Let d be y(7). Suppose -4*h + d = -31. List the prime factors of h.
13
Suppose -w + 27 = -3*y - 107, 10 = 5*y. What are the prime factors of w?
2, 5, 7
Suppose -4*o + 21 = -19. Suppose 5*z + 21 + 4 = 0. Let x = o + z. List the prime factors of x.
5
Suppose 14 = j - 14. List the prime factors of j.
2, 7
Let b be (-2)/9 + 29/9. Suppose -b*n = -8 - 28. What are the prime factors of n?
2, 3
Suppose 0 = -5*a - 4*m - 17, 21 = -3*a - 5*m + 3. Let s = -13 - -19. Let h = s + a. List the prime factors of h.
5
Let y(f) = -f**2 - f - 3. Let i be y(0). List the prime factors of (-310)/(-10) - 1*i.
2, 17
Let m(j) = 3*j**3 + j**2 + j. Let q be m(-1). What are the prime factors of (-23)/(q - (-1 - 1))?
23
Let i(k) = k - 5. Suppose 3*m = 2 + 25. Let u be i(m). Suppose 2*n = -4*c, -n = -u*n + 4*c + 20. What are the prime factors of n?
2
Let y = 40 - 66. Let n = 36 + y. What are the prime factors of n?
2, 5
Let r(n) = 2*n**2 + n - 9. List the prime factors of r(-6).
3, 19
Suppose 0 = 10*l - 255 - 995. List the prime factors of l.
5
Let o(n) = -8*n**2 - 28*n + 15. Let q(r) = -3*r**2 - 9*r + 5. Let y(z) = -4*o(z) + 11*q(z). List the prime factors of y(7).
37
Let d(b) = 4 + 4*b - 4*b**2 + b**3 + 0*b + 14*b**2 - 5*b**2. What are the prime factors of d(-3)?
2, 5
Let c be 0 - (48/(-4) + -1). Let k be ((-6)/4 - 0)*-12. Let b = k - c. What are the prime factors of b?
5
Suppose -q + 1 = -7. Let m be ((-1)/(-2))/(1/q). List the prime factors of 17 + 0 - (6 - m).
3, 5
Let k(o) = o**3 + 7*o**2 + 3*o - 3. Let m be k(-6). Let c = -2 + m. What are the prime factors of c?
13
Suppose -q - 17 = 3*r + 4*q, 4*r = -2*q - 4. Suppose z + r = -5. List the prime factors of (10/7)/(z/(-42)).
2, 5
Let u be (5 + -2 - 0) + 1. Suppose 0*z - 8 = -u*z. Suppose -2*b = -b - z. What are the prime factors of b?
2
Suppose k = 3*k - 2. Let f be 36/(-1 - (-2)/k). Suppose -l + f = 2*l. What are 